{"id":3744,"date":"2018-05-22T10:17:25","date_gmt":"2018-05-22T10:17:25","guid":{"rendered":"https:\/\/www.restauracion-obras-arte.com\/?page_id=3744"},"modified":"2025-03-15T10:02:36","modified_gmt":"2025-03-15T10:02:36","slug":"politique-de-confidentialite","status":"publish","type":"page","link":"https:\/\/www.restauracion-obras-arte.com\/fr\/politique-de-confidentialite\/","title":{"rendered":"Politique de confidentialit\u00e9"},"content":{"rendered":"<p>La presente Pol\u00edtica de Protecci\u00f3n de Datos es de conformidad con lo establecido en el Reglamento (UE) 2016\/679, de 27 de Abril de 2016, en referencia a los art\u00edculos 13 y 14.<strong>\u00a0<\/strong><\/p>\n<p><strong>\u00bfQui\u00e9n es el Responsable del tratamiento de sus datos? <\/strong><\/p>\n<p>Identidad:\u00a0Carmen Cubas Basterrechea<\/p>\n<p>Direcci\u00f3n postal: c\/ San Andr\u00e9s 1, 4\u00baC, 28004 Madrid<\/p>\n<p>Contacto: https:\/\/www.restauracion-obras-arte.com\/contacto-restauradores\/<\/p>\n<p><strong>\u00bfCon qu\u00e9 finalidad tratamos sus datos personales? <\/strong><\/p>\n<p>Los datos recabados se hacen con la finalidad de gestionar las consultas que se realicen a trav\u00e9s de la web y realizar env\u00edos acerca de las actividades, productos, servicios, y de documentaci\u00f3n de diversa naturaleza y por diferentes medios (inclusive los electr\u00f3nicos como correo electr\u00f3nico o SMS) de informaci\u00f3n comercial, y similares a los que inicialmente fueron objeto de contrataci\u00f3n por su parte.<\/p>\n<p><strong>\u00bfPor cu\u00e1nto tiempo conservaremos sus datos? <\/strong><\/p>\n<p>Los datos personales recogidos a trav\u00e9s de los formularios de la web se conservar\u00e1n indefinidamente hasta que se solicite la supresi\u00f3n por parte del interesado.<\/p>\n<p><strong>\u00bfCu\u00e1l es la legitimaci\u00f3n para el tratamiento de sus datos? <\/strong><\/p>\n<p>La base legal para el tratamiento de sus datos es el consentimiento. Esto es as\u00ed porque el usuario ha manifestado expresamente su consentimiento mediante la activaci\u00f3n de la casilla he le\u00eddo y acepto.<\/p>\n<p><strong>\u00bfA qu\u00e9 destinatarios se comunicar\u00e1n sus datos? <\/strong><\/p>\n<p>Los datos que el usuario introduce en la web no ser\u00e1n comunicados a otras empresas, salvo por imperativo legal o para poder dar cumplimiento al objeto para el cual fueron facilitados.<\/p>\n<p><strong>\u00bfCu\u00e1les son sus derechos cuando nos facilita sus datos? <\/strong><\/p>\n<p>Estos son sus derechos relacionados con su informaci\u00f3n personal:<\/p>\n<ul>\n<li>El derecho a <strong>ser informado<\/strong> de forma clara ANTES de que sus datos sean recogidos sobre qu\u00e9 datos est\u00e1n siendo tratados, con qu\u00e9 finalidad se tratan, donde han conseguido los datos y si los van a comunicar o los han comunicado a alguien.<\/li>\n<li>El derecho a <strong>acceder a la informaci\u00f3n<\/strong> personal para conocer qu\u00e9 datos suyos est\u00e1n siendo tratados, con qu\u00e9 finalidad se tratan, donde han conseguido los datos y si los van a comunicar o los han comunicado a alguien.<\/li>\n<li>El derecho a <strong>solicitar la correcci\u00f3n de la informaci\u00f3n personal inexacta<\/strong> que tenemos sobre usted.<\/li>\n<li>El derecho a <strong>solicitar el borrado de sus datos<\/strong>, o a interrumpir su procesamiento o recopilaci\u00f3n, en algunos casos.<\/li>\n<li>El derecho a <strong>interrumpir las comunicaciones comerciales<\/strong>.<\/li>\n<li>El derecho a <strong>solicitar que transfiramos elementos de sus datos<\/strong> tanto a usted como a otros proveedores de servicios.<\/li>\n<\/ul>\n<p><strong>\u00bfC\u00f3mo puede ejercer sus derechos?<\/strong><\/p>\n<p>Para ejercer cualquiera de sus derechos deber\u00e1 solicitarlo mediante escrito dirigido a c\/ Divino pastor n\u00ba 12, 2\u00bac 28004 Madrid\u2013 Espa\u00f1a incluyendo:<\/p>\n<ul>\n<li>Fotocopia del dni (pasaporte u otro documento de identidad) o firma electr\u00f3nica.<\/li>\n<li>Contenido de la petici\u00f3n que realiza y si fuera necesario, los documentos que la acreditan.<\/li>\n<li>Direcci\u00f3n (a efectos de notificaciones), fecha y firma.<\/li>\n<\/ul>\n<p>Si ejercita<span style=\"text-decoration: line-through;\">s<\/span> sus derechos por un representante voluntario expresamente designado, deber\u00e1<span style=\"text-decoration: line-through;\">s<\/span> aportar el documento o instrumento electr\u00f3nico que acredite la representaci\u00f3n.<\/p>\n<p>En el caso de que el titular de los datos fuera menor de edad o incapacitado, se ejercitar\u00e1 los derechos por su representante legal debidamente acreditado.<\/p>\n<p><strong>Informaci\u00f3n adicional<\/strong><strong>\u00a0<\/strong><\/p>\n<p>Irene Orueta Carvallo se compromete al cumplimiento de su obligaci\u00f3n de secreto de los datos de car\u00e1cter personal y de su deber de guardarlos y adoptar<span style=\"text-decoration: line-through;\">\u00e1<\/span> todas las medidas de \u00edndole t\u00e9cnica y organizativa que para garantizar la seguridad de los datos de car\u00e1cter personal y evitar su alteraci\u00f3n, p\u00e9rdida, tratamiento o acceso no autorizado, habida cuenta del estado de la tecnolog\u00eda, la naturaleza de los datos almacenados y los riesgos a que est\u00e9n expuestos, todo ello de conformidad con lo establecido en Reglamento (UE) 2016\/679, de 27 de Abril de 2016.<\/p>\n","protected":false},"excerpt":{"rendered":"<p>La presente Pol\u00edtica de Protecci\u00f3n de Datos es de conformidad con lo establecido en el Reglamento (UE) 2016\/679, de 27 de Abril de 2016, en referencia a los art\u00edculos 13 y 14.\u00a0 \u00bfQui\u00e9n es el Responsable del tratamiento de sus datos? Identidad:\u00a0Carmen Cubas Basterrechea Direcci\u00f3n postal: c\/ San Andr\u00e9s 1, 4\u00baC, 28004 Madrid Contacto: https:\/\/www.restauracion-obras-arte.com\/contacto-restauradores\/ [&hellip;]<\/p>\n","protected":false},"author":1,"featured_media":0,"parent":0,"menu_order":0,"comment_status":"closed","ping_status":"closed","template":"","meta":{"footnotes":""},"class_list":["post-3744","page","type-page","status-publish","hentry"],"aioseo_notices":[],"_links":{"self":[{"href":"https:\/\/www.restauracion-obras-arte.com\/fr\/wp-json\/wp\/v2\/pages\/3744","targetHints":{"allow":["GET"]}}],"collection":[{"href":"https:\/\/www.restauracion-obras-arte.com\/fr\/wp-json\/wp\/v2\/pages"}],"about":[{"href":"https:\/\/www.restauracion-obras-arte.com\/fr\/wp-json\/wp\/v2\/types\/page"}],"author":[{"embeddable":true,"href":"https:\/\/www.restauracion-obras-arte.com\/fr\/wp-json\/wp\/v2\/users\/1"}],"replies":[{"embeddable":true,"href":"https:\/\/www.restauracion-obras-arte.com\/fr\/wp-json\/wp\/v2\/comments?post=3744"}],"version-history":[{"count":2,"href":"https:\/\/www.restauracion-obras-arte.com\/fr\/wp-json\/wp\/v2\/pages\/3744\/revisions"}],"predecessor-version":[{"id":5148,"href":"https:\/\/www.restauracion-obras-arte.com\/fr\/wp-json\/wp\/v2\/pages\/3744\/revisions\/5148"}],"wp:attachment":[{"href":"https:\/\/www.restauracion-obras-arte.com\/fr\/wp-json\/wp\/v2\/media?parent=3744"}],"curies":[{"name":"wp","href":"https:\/\/api.w.org\/{rel}","templated":true}]}}

Politique de confidentialité

<p>La presente Política de Protección de Datos es de conformidad con lo establecido en el Reglamento (UE) 2016/679, de 27 de Abril de 2016, en referencia a los artículos 13 y 14.<strong> </strong></p>
<p><strong>¿Quién es el Responsable del tratamiento de sus datos? </strong></p>
<p>Identidad: Carmen Cubas Basterrechea</p>
<p>Dirección postal: c/ San Andrés 1, 4ºC, 28004 Madrid</p>
<p>Contacto: https://www.restauracion-obras-arte.com/contacto-restauradores/</p>
<p><strong>¿Con qué finalidad tratamos sus datos personales? </strong></p>
<p>Los datos recabados se hacen con la finalidad de gestionar las consultas que se realicen a través de la web y realizar envíos acerca de las actividades, productos, servicios, y de documentación de diversa naturaleza y por diferentes medios (inclusive los electrónicos como correo electrónico o SMS) de información comercial, y similares a los que inicialmente fueron objeto de contratación por su parte.</p>
<p><strong>¿Por cuánto tiempo conservaremos sus datos? </strong></p>
<p>Los datos personales recogidos a través de los formularios de la web se conservarán indefinidamente hasta que se solicite la supresión por parte del interesado.</p>
<p><strong>¿Cuál es la legitimación para el tratamiento de sus datos? </strong></p>
<p>La base legal para el tratamiento de sus datos es el consentimiento. Esto es así porque el usuario ha manifestado expresamente su consentimiento mediante la activación de la casilla he leído y acepto.</p>
<p><strong>¿A qué destinatarios se comunicarán sus datos? </strong></p>
<p>Los datos que el usuario introduce en la web no serán comunicados a otras empresas, salvo por imperativo legal o para poder dar cumplimiento al objeto para el cual fueron facilitados.</p>
<p><strong>¿Cuáles son sus derechos cuando nos facilita sus datos? </strong></p>
<p>Estos son sus derechos relacionados con su información personal:</p>
<ul>
<li>El derecho a <strong>ser informado</strong> de forma clara ANTES de que sus datos sean recogidos sobre qué datos están siendo tratados, con qué finalidad se tratan, donde han conseguido los datos y si los van a comunicar o los han comunicado a alguien.</li>
<li>El derecho a <strong>acceder a la información</strong> personal para conocer qué datos suyos están siendo tratados, con qué finalidad se tratan, donde han conseguido los datos y si los van a comunicar o los han comunicado a alguien.</li>
<li>El derecho a <strong>solicitar la corrección de la información personal inexacta</strong> que tenemos sobre usted.</li>
<li>El derecho a <strong>solicitar el borrado de sus datos</strong>, o a interrumpir su procesamiento o recopilación, en algunos casos.</li>
<li>El derecho a <strong>interrumpir las comunicaciones comerciales</strong>.</li>
<li>El derecho a <strong>solicitar que transfiramos elementos de sus datos</strong> tanto a usted como a otros proveedores de servicios.</li>
</ul>
<p><strong>¿Cómo puede ejercer sus derechos?</strong></p>
<p>Para ejercer cualquiera de sus derechos deberá solicitarlo mediante escrito dirigido a c/ Divino pastor nº 12, 2ºc 28004 Madrid– España incluyendo:</p>
<ul>
<li>Fotocopia del dni (pasaporte u otro documento de identidad) o firma electrónica.</li>
<li>Contenido de la petición que realiza y si fuera necesario, los documentos que la acreditan.</li>
<li>Dirección (a efectos de notificaciones), fecha y firma.</li>
</ul>
<p>Si ejercita<span style="text-decoration: line-through;">s</span> sus derechos por un representante voluntario expresamente designado, deberá<span style="text-decoration: line-through;">s</span> aportar el documento o instrumento electrónico que acredite la representación.</p>
<p>En el caso de que el titular de los datos fuera menor de edad o incapacitado, se ejercitará los derechos por su representante legal debidamente acreditado.</p>
<p><strong>Información adicional</strong><strong> </strong></p>
<p>Irene Orueta Carvallo se compromete al cumplimiento de su obligación de secreto de los datos de carácter personal y de su deber de guardarlos y adoptar<span style="text-decoration: line-through;">á</span> todas las medidas de índole técnica y organizativa que para garantizar la seguridad de los datos de carácter personal y evitar su alteración, pérdida, tratamiento o acceso no autorizado, habida cuenta del estado de la tecnología, la naturaleza de los datos almacenados y los riesgos a que estén expuestos, todo ello de conformidad con lo establecido en Reglamento (UE) 2016/679, de 27 de Abril de 2016.</p>

<p>La presente Política de Protección de Datos es de conformidad con lo establecido en el Reglamento (UE) 2016/679, de 27 de Abril de 2016, en referencia a los artículos 13 y 14.  ¿Quién es el Responsable del tratamiento de sus datos? Identidad: Carmen Cubas Basterrechea Dirección postal: c/ San Andrés 1, 4ºC, 28004 Madrid Contacto: https://www.restauracion-obras-arte.com/contacto-restauradores/ [&hellip;]</p>
